{"id":760,"date":"2025-05-02T12:01:31","date_gmt":"2025-05-02T12:01:31","guid":{"rendered":"https:\/\/anandaspapty.com\/index.php\/about\/"},"modified":"2025-12-05T18:31:32","modified_gmt":"2025-12-05T18:31:32","slug":"nosotros","status":"publish","type":"page","link":"https:\/\/anandaspapty.com\/index.php\/nosotros\/","title":{"rendered":"Nosotros"},"content":{"rendered":"\n<div class=\"wp-block-uagb-container uagb-block-393ec660 alignfull uagb-is-root-container\"><div class=\"uagb-container-inner-blocks-wrap\">\n<div class=\"wp-block-uagb-advanced-heading uagb-block-fdf350af\"><h6 class=\"uagb-heading-text\">SABER M\u00c1S<\/h6><\/div>\n\n\n\n<div class=\"wp-block-uagb-advanced-heading uagb-block-b57b089f\"><h1 class=\"uagb-heading-text\">Sobre nosotros&#8230;<\/h1><\/div>\n<\/div><\/div>\n\n\n\n<div class=\"wp-block-uagb-container uagb-block-1b52010a alignfull uagb-is-root-container\"><div class=\"uagb-container-inner-blocks-wrap\">\n<div class=\"wp-block-uagb-container uagb-block-5012e9bf\">\n<div class=\"wp-block-uagb-container uagb-block-4592a220\">\n<div class=\"wp-block-uagb-advanced-heading uagb-block-dd2adbb3\"><h6 class=\"uagb-heading-text\">ANANDA SPA<\/h6><\/div>\n\n\n\n<div class=\"wp-block-uagb-info-box uagb-block-fa087536 uagb-infobox__content-wrap  uagb-infobox-icon-above-title uagb-infobox-image-valign-top\"><div class=\"uagb-ifb-content\"><div class=\"uagb-ifb-title-wrap\"><h2 class=\"uagb-ifb-title\">Un santuario de tranquilidad donde el cuidado personal se combina con el placer supremo.<\/h2><\/div><div class=\"uagb-ifb-separator\"><\/div><\/div><\/div>\n<\/div>\n\n\n\n<div class=\"wp-block-uagb-container uagb-block-9219004b\">\n<div class=\"wp-block-uagb-image uagb-block-61d85631 wp-block-uagb-image--layout-default wp-block-uagb-image--effect-static wp-block-uagb-image--align-none\"><figure class=\"wp-block-uagb-image__figure\"><img decoding=\"async\" srcset=\"https:\/\/anandaspapty.com\/wp-content\/uploads\/2025\/09\/IMG_4075-683x1024.jpg ,https:\/\/anandaspapty.com\/wp-content\/uploads\/2025\/09\/IMG_4075-scaled.jpg 780w, https:\/\/anandaspapty.com\/wp-content\/uploads\/2025\/09\/IMG_4075-scaled.jpg 360w\" sizes=\"auto, (max-width: 480px) 150px\" src=\"https:\/\/anandaspapty.com\/wp-content\/uploads\/2025\/09\/IMG_4075-683x1024.jpg\" alt=\"\" class=\"uag-image-2021\" width=\"683\" height=\"1024\" title=\"IMG_4075\" loading=\"lazy\" role=\"img\"\/><\/figure><\/div>\n<\/div>\n\n\n\n<div class=\"wp-block-uagb-container uagb-block-1f4a609e\">\n<div class=\"wp-block-uagb-info-box uagb-block-9e11a9f8 uagb-infobox__content-wrap  uagb-infobox-icon-above-title uagb-infobox-image-valign-top\"><div class=\"uagb-ifb-content\"><div class=\"uagb-ifb-separator\"><\/div><div class=\"uagb-ifb-title-wrap\"><\/div><p class=\"uagb-ifb-desc\"><strong>Bienvenidos a ANANDA SPA<\/strong><br><br>En el vibrante coraz\u00f3n de Ciudad de Panam\u00e1, nace ANANDA SPA, un santuario de serenidad fundado el 19 de octubre del 2019. Desde nuestros inicios como un servicio a domicilio, hemos evolucionado para ofrecer una experiencia excepcional a nuestros clientes.<br><br>Con el creciente respaldo de nuestra distinguida clientela, decidimos dar un paso adelante. Transformamos un apartamento VIP en un espacio \u00fanico, cuidadosamente dise\u00f1ado para brindar el m\u00e1ximo confort y equipado con lo \u00faltimo en tecnolog\u00eda para dar vida a nuestro SPA.<br><br>Hoy en d\u00eda, nos enorgullecemos de ser reconocidos como uno de los mejores SPA en Panam\u00e1. Nuestro compromiso con la excelencia en el servicio al cliente y la creaci\u00f3n de una atm\u00f3sfera de serenidad nos distingue. Adentrarse en nuestros espacios es sumergirse en una experiencia hecha a medida para una audiencia exigente y discreta.<br><br>En ANANDA SPA, su bienestar es nuestra prioridad. \u00a1D\u00e9jenos guiarle en un viaje hacia la armon\u00eda y la relajaci\u00f3n!<\/p><\/div><\/div>\n<\/div>\n<\/div>\n\n\n\n<div class=\"wp-block-uagb-info-box uagb-block-0673b161 uagb-infobox__content-wrap  uagb-infobox-icon-above-title uagb-infobox-image-valign-top\"><div class=\"uagb-ifb-content\"><div class=\"uagb-ifb-title-wrap\"><\/div><div class=\"uagb-ifb-separator\"><\/div><\/div><\/div>\n\n\n\n<div class=\"wp-block-uagb-container uagb-block-4f659c30\">\n<div class=\"wp-block-uagb-container uagb-block-4ab8fa95\">\n<div class=\"wp-block-uagb-info-box uagb-block-074f573c uagb-infobox__content-wrap  uagb-infobox-icon-above-title uagb-infobox-image-valign-top\"><div class=\"uagb-ifb-content\"><div class=\"uagb-ifb-icon-wrap\"><svg xmlns=\"https:\/\/www.w3.org\/2000\/svg\" viewBox=\"0 0 576 512\"><path d=\"M568.3 192c-29 .125-135 6.124-213.9 82.1C321.2 304.7 301 338.3 288 369.9c-13-31.63-33.25-65.25-66.38-94.87C142.8 198.2 36.75 192.2 7.75 192C3.375 192 0 195.4 0 199.9c.25 27.88 7.125 126.2 88.75 199.3C172.8 481 256 479.1 288 479.1s115.2 1.025 199.3-80.85C568.9 326 575.8 227.7 576 199.9C576 195.4 572.6 192 568.3 192zM288 302.6c12.75-18.87 27.62-35.75 44.13-50.5c19-18.62 39.5-33.37 60.25-45.25c-16.5-70.5-51.75-133-96.75-172.3c-4.125-3.5-11-3.5-15.12 0c-45 39.25-80.25 101.6-96.75 172.1c20.37 11.75 40.5 26.12 59.25 44.37C260 266.4 275.1 283.7 288 302.6z\"><\/path><\/svg><\/div><div class=\"uagb-ifb-title-wrap\"><h4 class=\"uagb-ifb-title\">Bienestar<\/h4><\/div><\/div><\/div>\n<\/div>\n\n\n\n<div class=\"wp-block-uagb-container uagb-block-5cd920de\">\n<div class=\"wp-block-uagb-info-box uagb-block-20013a75 uagb-infobox__content-wrap  uagb-infobox-icon-above-title uagb-infobox-image-valign-top\"><div class=\"uagb-ifb-content\"><div class=\"uagb-ifb-icon-wrap\"><svg xmlns=\"https:\/\/www.w3.org\/2000\/svg\" viewBox=\"0 0 576 512\"><path d=\"M568.3 192c-29 .125-135 6.124-213.9 82.1C321.2 304.7 301 338.3 288 369.9c-13-31.63-33.25-65.25-66.38-94.87C142.8 198.2 36.75 192.2 7.75 192C3.375 192 0 195.4 0 199.9c.25 27.88 7.125 126.2 88.75 199.3C172.8 481 256 479.1 288 479.1s115.2 1.025 199.3-80.85C568.9 326 575.8 227.7 576 199.9C576 195.4 572.6 192 568.3 192zM288 302.6c12.75-18.87 27.62-35.75 44.13-50.5c19-18.62 39.5-33.37 60.25-45.25c-16.5-70.5-51.75-133-96.75-172.3c-4.125-3.5-11-3.5-15.12 0c-45 39.25-80.25 101.6-96.75 172.1c20.37 11.75 40.5 26.12 59.25 44.37C260 266.4 275.1 283.7 288 302.6z\"><\/path><\/svg><\/div><div class=\"uagb-ifb-title-wrap\"><h4 class=\"uagb-ifb-title\">Belleza<\/h4><\/div><\/div><\/div>\n<\/div>\n\n\n\n<div class=\"wp-block-uagb-container uagb-block-7b34f5ae\">\n<div class=\"wp-block-uagb-info-box uagb-block-b9d42145 uagb-infobox__content-wrap  uagb-infobox-icon-above-title uagb-infobox-image-valign-top\"><div class=\"uagb-ifb-content\"><div class=\"uagb-ifb-icon-wrap\"><svg xmlns=\"https:\/\/www.w3.org\/2000\/svg\" viewBox=\"0 0 576 512\"><path d=\"M568.3 192c-29 .125-135 6.124-213.9 82.1C321.2 304.7 301 338.3 288 369.9c-13-31.63-33.25-65.25-66.38-94.87C142.8 198.2 36.75 192.2 7.75 192C3.375 192 0 195.4 0 199.9c.25 27.88 7.125 126.2 88.75 199.3C172.8 481 256 479.1 288 479.1s115.2 1.025 199.3-80.85C568.9 326 575.8 227.7 576 199.9C576 195.4 572.6 192 568.3 192zM288 302.6c12.75-18.87 27.62-35.75 44.13-50.5c19-18.62 39.5-33.37 60.25-45.25c-16.5-70.5-51.75-133-96.75-172.3c-4.125-3.5-11-3.5-15.12 0c-45 39.25-80.25 101.6-96.75 172.1c20.37 11.75 40.5 26.12 59.25 44.37C260 266.4 275.1 283.7 288 302.6z\"><\/path><\/svg><\/div><div class=\"uagb-ifb-title-wrap\"><h4 class=\"uagb-ifb-title\">Masajes<\/h4><\/div><\/div><\/div>\n<\/div>\n<\/div>\n<\/div><\/div>\n\n\n\n<div class=\"wp-block-uagb-container uagb-block-e1637842 alignfull uagb-is-root-container\"><div class=\"uagb-container-inner-blocks-wrap\">\n<div class=\"wp-block-uagb-container uagb-block-11e8e351\"><\/div>\n<\/div><\/div>\n\n\n\n<div class=\"wp-block-uagb-container uagb-block-40e44cb7 alignfull uagb-is-root-container\"><div class=\"uagb-container-inner-blocks-wrap\">\n<div class=\"wp-block-uagb-info-box uagb-block-a921b101 uagb-infobox__content-wrap  uagb-infobox-icon-above-title uagb-infobox-image-valign-top\"><div class=\"uagb-ifb-content\"><div class=\"uagb-ifb-separator\"><\/div><div class=\"uagb-ifb-title-wrap\"><h2 class=\"uagb-ifb-title\">Conoce a nuestros Especialistas.<\/h2><\/div><p class=\"uagb-ifb-desc\">En ANANDA SPA, le damos la bienvenida a la experiencia experta de nuestros profesionales. Con una pasi\u00f3n arraigada por el bienestar estos han dedicado a\u00f1os perfeccionando su arte en el mundo del bienestar. Si est\u00e1s buscando aliviar tensiones, mejorar tu estado f\u00edsico o simplemente relajarte, te invitamos a reservar una sesi\u00f3n con nosotros. Estamos seguros de que nuestro toque experto y enfoque profesional te brindar\u00e1n una experiencia revitalizante y renovadora.<\/p><\/div><\/div>\n\n\n\n<div class=\"wp-block-uagb-container uagb-block-dd849f44\">\n<div class=\"wp-block-uagb-container uagb-block-f8624633\">\n<div class=\"wp-block-uagb-info-box uagb-block-d48ebd2d uagb-infobox__content-wrap  uagb-infobox-icon-above-title uagb-infobox-image-valign-top\"><div class=\"uagb-ifb-content\"><div class=\"uagb-ifb-image-content\"><img decoding=\"async\" src=\"https:\/\/anandaspapty.com\/wp-content\/uploads\/2025\/12\/6005337845bc44e0b9864c6d7f04f6e1.jpg\" alt=\"\" width=\"1146\" height=\"1500\" loading=\"lazy\"\/><\/div><div class=\"uagb-ifb-title-wrap\"><\/div><p class=\"uagb-ifb-desc\"><br><br>En Ananda SPA, creemos que tu bienestar es nuestra prioridad. Nuestro equipo est\u00e1 aqu\u00ed para ofrecerte una experiencia personalizada y de alta calidad que te ayudar\u00e1 a escapar del estr\u00e9s diario. Al visitarnos, te beneficiar\u00e1s de nuestra dedicaci\u00f3n y nuestro profesionalismo, disfrutando de una escapada rejuvenecedora que te dejar\u00e1 revitalizado. \u00a1Ven y d\u00e9janos cuidar de ti, transformando tu bienestar en una experiencia extraordinaria!<\/p><\/div><\/div>\n\n\n\n<div class=\"wp-block-uagb-info-box uagb-block-ab021a26 uagb-infobox__content-wrap  uagb-infobox-icon-above-title uagb-infobox-image-valign-top\"><div class=\"uagb-ifb-content\"><div class=\"uagb-ifb-image-content\"><img decoding=\"async\" src=\"https:\/\/anandaspapty.com\/wp-content\/uploads\/2025\/12\/IMG-20251204-WA0293.jpg\" alt=\"\" width=\"1128\" height=\"1374\" loading=\"lazy\"\/><\/div><div class=\"uagb-ifb-title-wrap\"><\/div><p class=\"uagb-ifb-desc\"><br><br>Nuestro equipo est\u00e1 compuesto por seres humanos apasionados y experimentados que se aseguran de que cada aspecto de tu visita sea perfecto. Gracias a su compromiso con la excelencia y la innovaci\u00f3n, podemos ofrecerte servicios de bienestar de la m\u00e1s alta calidad. Al visitar Ananda SPA, te beneficiar\u00e1s de su visi\u00f3n y dedicaci\u00f3n, disfrutando de una experiencia \u00fanica y memorable que te dejar\u00e1 renovado y rejuvenecido. \u00a1Ven y descubre la diferencia que marca un equipo de excepcional!<\/p><\/div><\/div>\n\n\n\n<div class=\"wp-block-uagb-info-box uagb-block-b5d3b4c9 uagb-infobox__content-wrap  uagb-infobox-icon-above-title uagb-infobox-image-valign-top\"><div class=\"uagb-ifb-content\"><div class=\"uagb-ifb-image-content\"><img decoding=\"async\" src=\"https:\/\/anandaspapty.com\/wp-content\/uploads\/2025\/12\/IMG-20251204-WA0286.jpg\" alt=\"\" width=\"1280\" height=\"1600\" loading=\"lazy\"\/><\/div><div class=\"uagb-ifb-title-wrap\"><\/div><p class=\"uagb-ifb-desc\"><br>En Ananda SPA cada detalle est\u00e1 dise\u00f1ado para ofrecerte una experiencia exclusiva y transformadora. Nuestro ambiente elegante y sereno te envuelve desde el primer momento, invit\u00e1ndote a desconectar del estr\u00e9s y reconectar contigo. Nos especializamos en crear rituales de bienestar a la medida de tus necesidades, combinando t\u00e9cnicas especializadas, productos de alta calidad y una atenci\u00f3n personalizada que marca la diferencia. Porque en Ananda SPA PTY, tu bienestar es \u00fanico, y lo tratamos como tal.<br><\/p><\/div><\/div>\n<\/div>\n\n\n\n<div class=\"wp-block-uagb-container uagb-block-ee33adab\">\n<div class=\"wp-block-uagb-info-box uagb-block-666344a2 uagb-infobox__content-wrap  uagb-infobox-icon-above-title uagb-infobox-image-valign-top\"><div class=\"uagb-ifb-content\"><div class=\"uagb-ifb-image-content\"><img decoding=\"async\" src=\"https:\/\/anandaspapty.com\/wp-content\/uploads\/2025\/12\/motion_photo_8856560809316959511.jpg\" alt=\"\" width=\"779\" height=\"1413\" loading=\"lazy\"\/><\/div><div class=\"uagb-ifb-title-wrap\"><\/div><p class=\"uagb-ifb-desc\">En Ananda SPA, nos especializamos en convertir el estr\u00e9s en armon\u00eda total. Nuestros terapeutas, altamente capacitados, combinan t\u00e9cnicas modernas de masaje con tratamientos personalizados de cuidado f\u00edsico, adapt\u00e1ndose a tus necesidades espec\u00edficas. Cada sesi\u00f3n est\u00e1 dise\u00f1ada para ofrecerte una experiencia \u00fanica de relajaci\u00f3n y equilibrio. Descubre el poder transformador de nuestras terapias y renueva tanto tu cuerpo como tu mente. \u00a1Tu bienestar es nuestra prioridad!<\/p><\/div><\/div>\n\n\n\n<div class=\"wp-block-uagb-info-box uagb-block-4fe4e106 uagb-infobox__content-wrap  uagb-infobox-icon-above-title uagb-infobox-image-valign-top\"><div class=\"uagb-ifb-content\"><div class=\"uagb-ifb-image-content\"><img decoding=\"async\" src=\"https:\/\/anandaspapty.com\/wp-content\/uploads\/2025\/12\/IMG-20251204-WA0292.jpg\" alt=\"\" width=\"840\" height=\"1234\" loading=\"lazy\"\/><\/div><div class=\"uagb-ifb-title-wrap\"><\/div><p class=\"uagb-ifb-desc\">En Ananda SPA, contamos con un equipo de profesionales dedicados y apasionados que cuidan cada detalle para hacer de tu visita una experiencia inigualable. Gracias a su experiencia y enfoque en la excelencia, te brindamos servicios de bienestar dise\u00f1ados para superar tus expectativas. Aqu\u00ed encontrar\u00e1s un espacio donde la innovaci\u00f3n y el cuidado personalizado se unen para ofrecerte momentos de profunda relajaci\u00f3n y revitalizaci\u00f3n. \u00a1Descubre c\u00f3mo un servicio de calidad transforma tu bienestar en algo extraordinario!<\/p><\/div><\/div>\n\n\n\n<div class=\"wp-block-uagb-info-box uagb-block-44d2cdd9 uagb-infobox__content-wrap  uagb-infobox-icon-above-title uagb-infobox-image-valign-top\"><div class=\"uagb-ifb-content\"><div class=\"uagb-ifb-image-content\"><img decoding=\"async\" src=\"https:\/\/anandaspapty.com\/wp-content\/uploads\/2024\/11\/IMG_3936-scaled.jpg\" alt=\"\" width=\"1707\" height=\"2560\" loading=\"lazy\"\/><\/div><div class=\"uagb-ifb-title-wrap\"><\/div><p class=\"uagb-ifb-desc\"><br>Nuestros profesionales en Ananda SPA son expertos en transformar tu estr\u00e9s en pura tranquilidad. Con t\u00e9cnicas avanzadas de masaje y tratamientos de rehabilitaci\u00f3n f\u00edsica, personalizan cada sesi\u00f3n para que obtengas resultados efectivos y duraderos. Al elegir nuestros servicios, disfrutar\u00e1s de una sensaci\u00f3n de renovaci\u00f3n total y bienestar profundo. \u00a1Perm\u00edtete experimentar la magia de nuestras terapias corporales y siente c\u00f3mo tu cuerpo y mente se revitalizan!<\/p><\/div><\/div>\n<\/div>\n<\/div>\n<\/div><\/div>\n\n\n\n<div class=\"wp-block-uagb-container uagb-block-6d4eef65 alignfull uagb-is-root-container\"><div class=\"uagb-container-inner-blocks-wrap\"><\/div><\/div>\n","protected":false},"excerpt":{"rendered":"<p>SABER M\u00c1S Sobre nosotros&#8230; ANANDA SPA<\/p>\n","protected":false},"author":1,"featured_media":0,"parent":0,"menu_order":0,"comment_status":"closed","ping_status":"closed","template":"","meta":{"om_disable_all_campaigns":false,"_uag_custom_page_level_css":"","_monsterinsights_skip_tracking":false,"_monsterinsights_sitenote_active":false,"_monsterinsights_sitenote_note":"","_monsterinsights_sitenote_category":0,"site-sidebar-layout":"no-sidebar","site-content-layout":"page-builder","ast-site-content-layout":"full-width-container","site-content-style":"unboxed","site-sidebar-style":"unboxed","ast-global-header-display":"","ast-banner-title-visibility":"","ast-main-header-display":"","ast-hfb-above-header-display":"","ast-hfb-below-header-display":"","ast-hfb-mobile-header-display":"","site-post-title":"disabled","ast-breadcrumbs-content":"","ast-featured-img":"disabled","footer-sml-layout":"","ast-disable-related-posts":"","theme-transparent-header-meta":"enabled","adv-header-id-meta":"","stick-header-meta":"","header-above-stick-meta":"","header-main-stick-meta":"","header-below-stick-meta":"","astra-migrate-meta-layouts":"set","ast-page-background-enabled":"default","ast-page-background-meta":{"desktop":{"background-color":"var(--ast-global-color-4)","background-image":"","background-repeat":"repeat","background-position":"center center","background-size":"auto","background-attachment":"scroll","background-type":"","background-media":"","overlay-type":"","overlay-color":"","overlay-opacity":"","overlay-gradient":""},"tablet":{"background-color":"","background-image":"","background-repeat":"repeat","background-position":"center center","background-size":"auto","background-attachment":"scroll","background-type":"","background-media":"","overlay-type":"","overlay-color":"","overlay-opacity":"","overlay-gradient":""},"mobile":{"background-color":"","background-image":"","background-repeat":"repeat","background-position":"center center","background-size":"auto","background-attachment":"scroll","background-type":"","background-media":"","overlay-type":"","overlay-color":"","overlay-opacity":"","overlay-gradient":""}},"ast-content-background-meta":{"desktop":{"background-color":"var(--ast-global-color-5)","background-image":"","background-repeat":"repeat","background-position":"center center","background-size":"auto","background-attachment":"scroll","background-type":"","background-media":"","overlay-type":"","overlay-color":"","overlay-opacity":"","overlay-gradient":""},"tablet":{"background-color":"var(--ast-global-color-5)","background-image":"","background-repeat":"repeat","background-position":"center center","background-size":"auto","background-attachment":"scroll","background-type":"","background-media":"","overlay-type":"","overlay-color":"","overlay-opacity":"","overlay-gradient":""},"mobile":{"background-color":"var(--ast-global-color-5)","background-image":"","background-repeat":"repeat","background-position":"center center","background-size":"auto","background-attachment":"scroll","background-type":"","background-media":"","overlay-type":"","overlay-color":"","overlay-opacity":"","overlay-gradient":""}},"_joinchat":[],"footnotes":""},"class_list":["post-760","page","type-page","status-publish","hentry"],"aioseo_notices":[],"uagb_featured_image_src":{"full":false,"thumbnail":false,"medium":false,"medium_large":false,"large":false,"1536x1536":false,"2048x2048":false},"uagb_author_info":{"display_name":"anandaspapty.com","author_link":"https:\/\/anandaspapty.com\/index.php\/author\/anandaspapty-com\/"},"uagb_comment_info":0,"uagb_excerpt":"SABER M\u00c1S Sobre nosotros&#8230; ANANDA SPA","_links":{"self":[{"href":"https:\/\/anandaspapty.com\/index.php\/wp-json\/wp\/v2\/pages\/760","targetHints":{"allow":["GET"]}}],"collection":[{"href":"https:\/\/anandaspapty.com\/index.php\/wp-json\/wp\/v2\/pages"}],"about":[{"href":"https:\/\/anandaspapty.com\/index.php\/wp-json\/wp\/v2\/types\/page"}],"author":[{"embeddable":true,"href":"https:\/\/anandaspapty.com\/index.php\/wp-json\/wp\/v2\/users\/1"}],"replies":[{"embeddable":true,"href":"https:\/\/anandaspapty.com\/index.php\/wp-json\/wp\/v2\/comments?post=760"}],"version-history":[{"count":36,"href":"https:\/\/anandaspapty.com\/index.php\/wp-json\/wp\/v2\/pages\/760\/revisions"}],"predecessor-version":[{"id":2049,"href":"https:\/\/anandaspapty.com\/index.php\/wp-json\/wp\/v2\/pages\/760\/revisions\/2049"}],"wp:attachment":[{"href":"https:\/\/anandaspapty.com\/index.php\/wp-json\/wp\/v2\/media?parent=760"}],"curies":[{"name":"wp","href":"https:\/\/api.w.org\/{rel}","templated":true}]}}